 Suppose -g*i - 2*h + 261 = -0*i, -5*h - 87 = -2*i. What is the remainder when i is divided by 11?
7
Suppose 3*p - 227 = 5*c, 4*p - 219 = 3*c + 91. Calculate the remainder when p is divided by 56.
23
Let g = -17 - -35. Let w(x) = -x**2 + 22*x - 25. Calculate the remainder when w(g) is divided by 12.
11
Let t = 89 - 28. Suppose 6*b - 2*b = z - 27, -5*z + 5*b = -150. Calculate the remainder when t is divided by z.
30
Let k be -33*(-2)/18*-3. Let m(u) = -3*u - 19. Suppose 73 + 47 = 3*s. What is the remainder when s is divided by m(k)?
12
Let u = 6 - 3. Suppose 0 = -4*l - y + 90, 4*l - 138 + 38 = 4*y. Suppose 3*v - l = -3*h + 19, v - 26 = u*h. What is the remainder when v is divided by 9?
8
Let h be (-8 - -3)/(20/(-8)). Suppose h*y - 13*y = -1441. What is the remainder when y is divided by 44?
43
Suppose -52*v = -50*v + 10. Let n(t) be the second derivative of -t**4/12 - t**3 + 5*t**2/2 - t. Calculate the remainder when 29 is divided by n(v).
9
Suppose -4*z - a = a - 8, 2*a + 4 = 2*z. Suppose 0*p - 3*p = -45. What is the remainder when p is divided by (z/(-6))/(2/(-48))?
7
Let n = -7 + 14. Suppose 3*r + p + n + 14 = 0, -3*r - 9 = 5*p. Calculate the remainder when 36 is divided by (38/r)/(1/(-4)).
17
Suppose 5*b - 2329 = -1844. Suppose 2*i = 6*i - 80. What is the remainder when b is divided by i?
17
Let r be 3/(6/(-3) + 3). Suppose 4*b + 15 = r*w - b, 2*b + 6 = 3*w. Let z = 5 - w. Calculate the remainder when 9 is divided by z.
4
Let g(p) = 10*p + 910. What is the remainder when g(-89) is divided by (4/10)/((-2)/(-40))?
4
Let x = -131 + 134. Let b be 3/(-12) + 2/8. Suppose x*k + 296 = 5*y, -5*y + b*k - k = -308. Calculate the remainder when y is divided by 16.
13
Suppose -5*a + 90 = -5. Let b(k) = k**3 + k - 2. Let t be b(2). Let d = t - -3. Calculate the remainder when a is divided by d.
8
Let k be 3/(-15) - 1282/(-10). Suppose -g - 4*q = -6*g + k, -5*q = -15. Calculate the remainder when g is divided by 10.
8
Let a be (-1)/((-4 + 7)/(-771)) + 2. Let l = a + -155. What is the remainder when l is divided by 55?
49
Let h = 266 + -171. Let u(d) = -5*d - 113. Calculate the remainder when h is divided by u(-29).
31
Let m(d) be the first derivative of -d**4/4 + 5*d**3/3 + 4*d**2 - d + 4. Let q(h) = 4*h**2 + 3*h - 3. Calculate the remainder when q(3) is divided by m(6).
9
Let i = 1854 + -1775. What is the remainder when 710 is divided by i?
78
Let q(x) = 110*x - 6. Let f(m) = 22*m - 1. Let z(w) = -11*f(w) + 2*q(w). What is the remainder when z(-2) is divided by 11?
10
Let d = 300 + -261. Let j = -106 + 181. Calculate the remainder when j is divided by d.
36
Let m = 258 + -253. What is the remainder when 79 is divided by m?
4
Suppose 0 = -5*h + 13*h - 184. What is the remainder when 39 is divided by h?
16
Suppose -3*d + 2*j = j + 28, -3*j = 3*d + 36. Let b be 1/(-2) + 59/2. Let l = d + b. Calculate the remainder when l is divided by 11.
8
Suppose -25*x = -23 - 402. Calculate the remainder when 168 is divided by x.
15
Suppose -3*o = -1 - 8. Let d(z) = 10 - 27 + z**2 - 2*z + 12 + 7. Calculate the remainder when d(o) is divided by 4.
1
What is the remainder when 278 is divided by 9160/1320 - (-2)/33?
5
Let l(t) = t**2 - t + 6. Calculate the remainder when 53 is divided by l(-2).
5
Let j(q) = q**2 - 20*q - 23. Calculate the remainder when j(25) is divided by 89.
13
What is the remainder when 275 is divided by 14339/156 - 5/(-60)?
91
Let q(m) = -m**3 + m**2 + 41*m + 14. Suppose 0*d - 5*d - 5*i = 15, -3*i + 39 = -5*d. What is the remainder when (-140)/3*d/5 is divided by q(-6)?
16
Suppose -y + 3*y - 32 = 0. Let q(n) = -n**3 + 47. Let w = -7 + 7. What is the remainder when q(w) is divided by y?
15
Let r(j) = j**3 - j**2 + 45. Suppose -3*i = -6*i - 171. Let s = -45 - i. What is the remainder when r(0) is divided by s?
9
Let t = 7 - 4. Suppose 0 = 27*x - 917 - 271. Suppose t*v - x = 10. Calculate the remainder when v is divided by 7.
4
Let l(k) = -k**2 + 7*k + 2. Let a be l(7). Calculate the remainder when (-1 - -3) + a + 0 is divided by 3.
1
Let g(k) = -5*k + 7. Let z be g(-8). Let o = -9 + z. Suppose -22*w + 1240 = 23*w + 17*w. What is the remainder when o is divided by w?
18
Suppose 2*g - 5*v - 148 = 0, 3*g + 5*v = -0*v + 222. Calculate the remainder when g is divided by 7.
4
Let w = 48 - 80. Let i = w + 35. What is the remainder when 5 is divided by i?
2
Let l = -8 - -14. Suppose 36 = -10*o + 86. Suppose -o*y = 4*z + 2, y = -4*y + 2*z + 16. Calculate the remainder when l is divided by y.
0
Suppose l = 4*j + 4, 5*l - 2*l = j + 12. Suppose j = 8*r - 22 - 82. Let t(b) = b**2 - b - 9. Calculate the remainder when t(-8) is divided by r.
11
Let z(d) = 165*d**2 + 10*d + 8. What is the remainder when z(-1) is divided by 55?
53
Suppose -2*h = 4*g - 372, -g + 5*h = -53 - 29. Calculate the remainder when g is divided by 33.
26
What is the remainder when 174 is divided by (-2 - (-2)/6)/((-2)/54)?
39
Let p(j) = -2*j + 21. Suppose 2*d + 10 = 5*s - s, -d + 5 = 0. What is the remainder when 39 is divided by p(s)?
6
Let j(u) = -11*u + 10*u - 8*u + 4 + 2. Calculate the remainder when j(-7) is divided by 24.
21
Suppose 3*o + 49 + 95 = 0. Calculate the remainder when 1 + -5 - (1 + o) is divided by 11.
10
Let u = -70 + 59. Let y = u - -58. Calculate the remainder when 91 is divided by y.
44
What is the remainder when 49 is divided by (16/28)/((-4)/(-182))?
23
Let i(n) = -2*n + 93. What is the remainder when i(33) is divided by 7?
6
Let g(v) be the first derivative of -v**3/3 + 3*v - 2. Let c be g(0). What is the remainder when 56 is divided by 2/(c*(-2)/(-87))?
27
Suppose -u + 4 = -10. Suppose -5*p = 32 - 2. Let i = -2 - p. What is the remainder when u is divided by i?
2
Let n(v) = 3*v**2 - 5*v + 4. Let i be n(1). Calculate the remainder when 92 is divided by i*12*(2/2 - 0).
20
Let h be 16/(30/44 - 2/11). Suppose h = t - 17. Calculate the remainder when t is divided by 27.
22
Suppose 142 = -3*j + h, 5*h - 2*h + 126 = -3*j. Let y = 83 + j. Calculate the remainder when y is divided by 4/(1 - -1) - -8.
7
Let t(g) = 24*g - 282. What is the remainder when 43 is divided by t(12)?
1
Let m = -53 + 55. Suppose -m*b + 4*c + 105 = c, -15 = -3*c. What is the remainder when 116 is divided by b?
56
Let g(b) = -b**3 - b**2 - b - 651. Let p be g(0). Let n = 990 + p. Suppose -4*y - 67 + n = 2*t, 4*t - 54 = -y. Calculate the remainder when y is divided by 36.
34
Let c = -1497 + 1529. What is the remainder when 156 is divided by c?
28
Let g = -184 - -319. Suppose 0 = -4*v + v + 12. Suppose v*y + y = g. What is the remainder when 106 is divided by y?
25
Let r = -13 - -26. Let q(a) = 9*a**2 + 1. What is the remainder when q(-2) is divided by r?
11
Let f = 4 - 17. Let u = f + 11. What is the remainder when 12 is divided by (-1)/((-18)/(-10) + u)?
2
Let j = 157 - 82. Let b = -15 + j. Calculate the remainder when b is divided by -3*31*2/(-6).
29
Suppose -h - 1 + 3 = 0, -4*y + 30 = -3*h. Suppose 12*u - 8*u + 16 = 0. Calculate the remainder when y is divided by (u - 0)*6/(-4).
3
Let k = -75 - -89. Calculate the remainder when 116 is divided by k.
4
Let h(p) = -35*p - 93. Calculate the remainder when h(-21) is divided by 15.
12
Let q = 255 + -221. Calculate the remainder when 100 is divided by q.
32
Suppose -87 = -28*p + 25*p. Let l = 206 - 150. What is the remainder when l is divided by p?
27
Calculate the remainder when (14/21)/((-2)/(-156)*4) is divided by 9.
4
Suppose 5*z = -k + 3*k + 315, 0 = -2*k + 10. What is the remainder when z is divided by 1 + -4 + (-14)/(-1)?
10
What is the remainder when (-19 + 5)/(-1*(-2)/(-5)) is divided by 4?
3
Suppose -a = -6*a - 2*z + 82, 3*a - 2*z - 62 = 0. Suppose -g = -4*u - 117, -a = 2*u - u - 4*g. What is the remainder when 5 is divided by u/9*(-6)/5?
1
Suppose -31*a + 202 + 325 = 0. Calculate the remainder when 373 is divided by a.
16
Let g = -32 - -111. What is the remainder when g is divided by 21?
16
Suppose 0 = 8*h - 509 - 571. What is the remainder when h is divided by 34?
33
Let z(u) = -9*u - 84. Suppose 2*s + s = 0. Suppose 2*t - 46 = r, -3*t + r + 3 + 64 = s. What is the remainder when z(-16) is divided by t?
18
Calculate the remainder when 4/(64/(-232))*-18 is divided by 53.
49
Suppose -20 = -2*s + 6*s. Let y be (18/3)/(7 + s). Let k = y + 16. What is t